{"id":256,"date":"2018-08-21T13:01:21","date_gmt":"2018-08-21T13:01:21","guid":{"rendered":"http:\/\/cb-conseils.fr\/?page_id=256"},"modified":"2025-05-05T13:36:08","modified_gmt":"2025-05-05T13:36:08","slug":"formations","status":"publish","type":"page","link":"http:\/\/cb-conseils.fr\/?page_id=256","title":{"rendered":"Formations"},"content":{"rendered":"<p><em><span style=\"font-size: 14pt;\">Ayant une app\u00e9tence pour la formation, la transmission et l\u2019\u00e9change des connaissances, j\u2019ai anim\u00e9 <strong>depuis 1995<\/strong>, \u00e0 travers mes diff\u00e9rents postes de management, <strong>des formations en externe, des r\u00e9seaux BtoB des professionnels <\/strong><strong>de l\u2019immobilier<\/strong> sur les th\u00e9matiques des fiscalit\u00e9s immobili\u00e8res d\u2019investissement, de l\u2019approche patrimoniale dans la vente immobili\u00e8re et des montages d\u2019op\u00e9rations d\u2019investissement, mais aussi la mise en place d\u2019un management commercial de r\u00e9seaux.<\/span><\/em><\/p>\n<p><span style=\"font-size: 14pt;\"><em>Depuis 2018, j&rsquo;interviens en tant que formateur free-lance aupr\u00e8s des professionnels de l&rsquo;immobilier dans le cadre de leurs formations obligatoires et aupr\u00e8s d&rsquo;\u00e9tudiants de Bac+2 \u00e0 Bac+5, sur les m\u00e9tiers de l&rsquo;immobilier et la gestion de business unit.<br \/>\n<\/em><\/span><\/p>\n<p><span style=\"font-size: 18pt;\"><em><span style=\"font-size: 14pt;\">Dans le cadre de sessions de formation (de 10 \u00e0 20 personnes), <\/span><\/em><strong><em><span style=\"font-size: 14pt;\">j\u2019ai cr\u00e9\u00e9 les supports p\u00e9dagogiques suivants:<\/span><\/em><br \/>\n<\/strong><\/span><\/p>\n<p>&nbsp;<\/p>\n<p><img loading=\"lazy\" class=\"aligncenter size-medium wp-image-269\" src=\"http:\/\/cb-conseils.fr\/wp-content\/uploads\/2018\/08\/IMG_4932_1024-300x225.jpg\" alt=\"\" width=\"300\" height=\"225\" srcset=\"http:\/\/cb-conseils.fr\/wp-content\/uploads\/2018\/08\/IMG_4932_1024-300x225.jpg 300w, http:\/\/cb-conseils.fr\/wp-content\/uploads\/2018\/08\/IMG_4932_1024-768x576.jpg 768w, http:\/\/cb-conseils.fr\/wp-content\/uploads\/2018\/08\/IMG_4932_1024.jpg 1024w, http:\/\/cb-conseils.fr\/wp-content\/uploads\/2018\/08\/IMG_4932_1024-100x75.jpg 100w, http:\/\/cb-conseils.fr\/wp-content\/uploads\/2018\/08\/IMG_4932_1024-150x113.jpg 150w, http:\/\/cb-conseils.fr\/wp-content\/uploads\/2018\/08\/IMG_4932_1024-200x150.jpg 200w, http:\/\/cb-conseils.fr\/wp-content\/uploads\/2018\/08\/IMG_4932_1024-450x338.jpg 450w, http:\/\/cb-conseils.fr\/wp-content\/uploads\/2018\/08\/IMG_4932_1024-600x450.jpg 600w, http:\/\/cb-conseils.fr\/wp-content\/uploads\/2018\/08\/IMG_4932_1024-900x675.jpg 900w\" sizes=\"(max-width: 300px) 100vw, 300px\" \/><\/p>\n<p><span style=\"text-decoration: underline;\"><span style=\"font-size: 14pt; color: #000000; text-decoration: underline;\"><strong>Sur le secteur de l&rsquo;immobilier:<\/strong><\/span><\/span><\/p>\n<p><span style=\"font-size: 14pt;\">\u2192 Fiscalit\u00e9s immobili\u00e8res et montage d\u2019op\u00e9ration d\u2019investissement dans l\u2019ancien<\/span><\/p>\n<p><span style=\"font-size: 14pt;\">\u2192 Technique de vente et approche patrimoniale (introduction \u00e0 la PNL)<br \/>\n<\/span><\/p>\n<p><span style=\"font-size: 14pt;\">\u2192 L\u2019approche de l\u2019expertise immobili\u00e8re et le calcul de valeur v\u00e9nale<\/span><\/p>\n<p><span style=\"font-size: 14pt;\">\u2192 Les Soci\u00e9t\u00e9s Civiles Immobili\u00e8re, Les soci\u00e9t\u00e9s holdings, La Sarl de famille <\/span><\/p>\n<p><span style=\"font-size: 14pt;\">\u2192 Les v\u00e9hicules financiers dans le secteur de l&rsquo;immobilier<br \/>\n<\/span><\/p>\n<p><span style=\"font-size: 14pt;\">\u2192 La Vente en VEFA, caract\u00e9ristiques juridiques et techniques<br \/>\n<\/span><\/p>\n<p><span style=\"font-size: 14pt;\">\u2192 La T.V.A immobili\u00e8re et l&rsquo;activit\u00e9 de marchand de biens<br \/>\n<\/span><\/p>\n<p><span style=\"font-size: 14pt;\">\u2192 L&rsquo;\u00e9valuation des fonds de commerce<\/span><\/p>\n<p><span style=\"text-decoration: underline;\"><strong><span style=\"font-size: 14pt;\">Sur le secteur management:<\/span><\/strong><\/span><\/p>\n<p><span style=\"font-size: 14pt;\">\u2192 Management d&rsquo;une business unit<\/span><\/p>\n<p><span style=\"font-size: 14pt;\">\u2192 La prospection commerciale<\/span><\/p>\n<p><span style=\"font-size: 14pt;\">\u2192 Elaboration d\u2019une offre Commerciale <\/span><\/p>\n<p><span style=\"font-size: 14pt;\">\u2192 N\u00e9gociation d\u2019une offre commerciale<\/span><\/p>\n<p><strong><span style=\"font-size: 14pt;\"><u>Objectifs des formations:<\/u><\/span><\/strong><\/p>\n<p><span style=\"font-size: 14pt;\">\u221a Ma\u00eetriser des approches patrimoniales et de pouvoir apporter au <\/span><span style=\"font-size: 14pt;\">conseiller immobilier une comp\u00e9tence lui permettant de se positionner en expert aupr\u00e8s de ses clients et de mettre en valeur ses comp\u00e9tences.<br \/>\n<\/span><\/p>\n<p><span style=\"font-size: 14pt;\">\u221a Identifier et analyser les points cl\u00e9s de la d\u00e9couverte du client<\/span><\/p>\n<p><span style=\"font-size: 14pt;\">\u221a Rechercher les solutions les plus adapt\u00e9es en ad\u00e9quation avec les objectifs clients<\/span><\/p>\n<p><span style=\"font-size: 14pt;\">\u221a Traiter les objections et d\u2019analyser par des crit\u00e8res \u00ab morphopsychologiques \u00bb les processus de d\u00e9cisions des <\/span><span style=\"font-size: 14pt;\">investisseurs, c\u2019est une approche comportementale avec un savoir faire et un savoir \u00eatre<\/span><\/p>\n<p><strong><span style=\"font-size: 14pt;\"><u>A qui s\u2019adresse la formation:<\/u><\/span><\/strong><\/p>\n<p><span style=\"font-size: 14pt;\">Chef(fe)s d&rsquo;entreprises, Banquiers, Conseillers en gestion de patrimoine, Charg\u00e9s de gestion, <\/span><span style=\"font-size: 14pt;\">Collaborateurs des \u00e9tudes Notariales, Experts Comptables, <\/span><span style=\"font-size: 14pt;\">Professionnels de l&rsquo;immobilier, Etudiant(e)s<\/span><br \/>\n<span style=\"font-size: 14pt;\">Toute personne amen\u00e9e \u00e0 conseiller des clients sur leurs investissements immobiliers et des choix strat\u00e9giques patrimoniaux.<br \/>\n<\/span><\/p>\n<p><strong><span style=\"font-size: 14pt;\"><u>Pr\u00e9requis:<\/u><\/span><\/strong><\/p>\n<p><span style=\"font-size: 14pt;\">Exp\u00e9rience professionnelle souhait\u00e9e dans l&rsquo;immobilier, en gestion de patrimoine ou en banque<\/span><\/p>\n<p><span style=\"font-size: 14pt;\"><em><strong><u>R\u00e9f\u00e9rences r\u00e9seaux:<\/u><\/strong> \u00a0 Acad\u00e9mie des pros, C.C.I de l\u2019Aveyron, Groupe CEDIF, Immodroit Formation, La solution formation, Lyadis formation,\u00a0 Polysud formation, R\u00e9seau FOLHOMEE, R\u00e9seau OTAREE, R\u00e9seau Select City,<br \/>\n<\/em><\/span><\/p>\n<p><span style=\"font-size: 14pt;\"><em><strong><u>R\u00e9f\u00e9rences campus \u00e9tudiants:<\/u><\/strong> \u00a0 ESARC, ESPI, TETRANERGY<br \/>\n<\/em><\/span><\/p>\n<p><span style=\"font-size: 14pt;\"><em><strong>Enregistrement d\u2019activit\u00e9 de formateur aupr\u00e8s de la DREETS OCCITANIE<\/strong><\/em><\/span><\/p>\n<p><span style=\"font-size: 14pt;\"><em><strong>Jury de dipl\u00f4mes professionnels, agr\u00e9\u00e9 par la DREETS OCCITANIE<\/strong><\/em><\/span><\/p>\n<p><em><strong><span style=\"font-size: 14pt;\">Membre de la Chambre Syndicale des Formateurs-Consultants<\/span> <\/strong><\/em><\/p>\n<p><em><span style=\"text-decoration: underline; color: #ff0000;\"><strong>R\u00e9f\u00e9rences 2024:<\/strong><\/span><\/em><br \/>\n<em><span style=\"color: #ff0000;\">825 heures de formation d\u00e9livr\u00e9es \u2013 540 apprenants &#8211; (dont 366 heures aupr\u00e8s d&rsquo;un public d&rsquo;\u00e9tudiant(e)s)<\/span><\/em><\/p>\n<p><em><span style=\"color: #ff0000;\"><span style=\"text-decoration: underline;\"><strong>R\u00e9f\u00e9rences 2023:<\/strong><\/span><\/span><\/em><br \/>\n<em><span style=\"color: #ff0000;\">921 heures de formation d\u00e9livr\u00e9es \u2013 609 apprenants &#8211; (d<\/span><span style=\"color: #ff0000;\">ont 280 heures aupr\u00e8s d&rsquo;un public d&rsquo;\u00e9tudiant(e)s)<\/span><\/em><\/p>\n<p><em><span style=\"text-decoration: underline; color: #ff0000;\"><strong>R\u00e9f\u00e9rences 2022:<\/strong><\/span><\/em><br \/>\n<em><span style=\"color: #ff0000;\">750 heures de formation d\u00e9livr\u00e9es \u2013 510 apprenants<\/span><\/em><\/p>\n<p><em><span style=\"font-size: 12pt;\"><strong><span style=\"text-decoration: underline; color: #ff0000;\">R\u00e9f\u00e9rences 2021:<\/span><\/strong><\/span><\/em><br \/>\n<em><span style=\"font-size: 12pt; color: #ff0000;\">300 heures de formation d\u00e9livr\u00e9es \u2013 180 apprenants<\/span><\/em><\/p>\n<p><span style=\"font-size: 14pt; color: #ff0000;\">\u00a0<\/span><\/p>\n<p>&nbsp;<\/p>\n","protected":false},"excerpt":{"rendered":"<p>Ayant une app\u00e9tence pour la formation, la transmission et l\u2019\u00e9change des connaissances, j\u2019ai anim\u00e9 depuis 1995, \u00e0 travers mes diff\u00e9rents postes de management, des formations en externe, des r\u00e9seaux BtoB des professionnels de l\u2019immobilier sur les th\u00e9matiques des fiscalit\u00e9s immobili\u00e8res<span class=\"ellipsis\">&hellip;<\/span><\/p>\n<div class=\"read-more\"><a href=\"http:\/\/cb-conseils.fr\/?page_id=256\">Lire la suite &#8250;<\/a><\/div>\n<p><!-- end of .read-more --><\/p>\n","protected":false},"author":1,"featured_media":0,"parent":0,"menu_order":0,"comment_status":"closed","ping_status":"closed","template":"full-width-page.php","meta":[],"_links":{"self":[{"href":"http:\/\/cb-conseils.fr\/index.php?rest_route=\/wp\/v2\/pages\/256"}],"collection":[{"href":"http:\/\/cb-conseils.fr\/index.php?rest_route=\/wp\/v2\/pages"}],"about":[{"href":"http:\/\/cb-conseils.fr\/index.php?rest_route=\/wp\/v2\/types\/page"}],"author":[{"embeddable":true,"href":"http:\/\/cb-conseils.fr\/index.php?rest_route=\/wp\/v2\/users\/1"}],"replies":[{"embeddable":true,"href":"http:\/\/cb-conseils.fr\/index.php?rest_route=%2Fwp%2Fv2%2Fcomments&post=256"}],"version-history":[{"count":24,"href":"http:\/\/cb-conseils.fr\/index.php?rest_route=\/wp\/v2\/pages\/256\/revisions"}],"predecessor-version":[{"id":539,"href":"http:\/\/cb-conseils.fr\/index.php?rest_route=\/wp\/v2\/pages\/256\/revisions\/539"}],"wp:attachment":[{"href":"http:\/\/cb-conseils.fr\/index.php?rest_route=%2Fwp%2Fv2%2Fmedia&parent=256"}],"curies":[{"name":"wp","href":"https:\/\/api.w.org\/{rel}","templated":true}]}}